).
-8
Let h(d) = 35*d - 158. Give h(4).
-18
Let n(r) = r**3 + 7*r**2 + 5*r - 2. Give n(-5).
23
Let j(q) = q**2 + 12*q + 25. Determine j(-6).
-11
Let o(z) = 4*z**3 - 5*z + 4. Give o(1).
3
Let c(r) = r**3 + 14*r**2 + 11*r + 8. Determine c(-13).
34
Let z(f) = 3*f + 3. What is z(5)?
18
Let r(j) = -43*j - 91. Calculate r(-2).
-5
Let c(i) = -2*i**3 - 32*i**2 + 35*i + 20. What is c(-17)?
3
Let a(y) = y**3 + 7*y**2 + 14*y + 50. Give a(-6).
2
Let l(i) = -2*i**3 - 9*i**2 + 4*i - 1. What is l(-7)?
216
Let z(j) = -j**2 + 6*j - 13. Determine z(3).
-4
Let y(f) = 18*f + 6. Determine y(-2).
-30
Let s(a) = -10*a**2 - 6*a - 5. Calculate s(-2).
-33
Let o(l) = -l**2 + l + 34. Calculate o(7).
-8
Let f(m) = 7*m + 1. What is f(-4)?
-27
Let r(x) = x**3 + 6*x**2 + 5*x + 2. Calculate r(-4).
14
Let t(i) = -i**3 + 7*i**2 - 8*i + 8. Calculate t(5).
18
Let s(p) = -p**3 - 21*p**2 - 39*p + 10. Determine s(-19).
29
Let y(h) = 3*h**2 + 7*h - 56. Determine y(5).
54
Let i(q) = q**3 - 10*q**2 - 24*q + 7. Give i(12).
7
Let f(q) = -4*q - 4. Give f(4).
-20
Let m(q) = 95*q - 13. What is m(1)?
82
Let k(s) = s**3 + 21*s**2 - 22*s - 2. Calculate k(-22).
-2
Let g(i) = i**3 + i**2 - 14*i + 20. Give g(2).
4
Let v(n) = n**2 - 14*n + 2. Calculate v(14).
2
Let y(b) = -b**3 + 12*b**2 - 7*b - 26. Give y(11).
18
Let j(d) = d**2 + 38*d + 127. Calculate j(-34).
-9
Let c(x) = 6*x - 3. What is c(1)?
3
Let p(b) = -2*b - 14. Determine p(-15).
16
Let t(c) = -3*c - 17. Determine t(-10).
13
Let n(v) = 19*v - 99. Give n(9).
72
Let m(c) = -2*c + 7. Give m(-4).
15
Let j(n) = -n**3 + 6*n**2 - 9*n + 2. Give j(6).
-52
Let w(x) = x**3 + 7*x**2 + 6*x + 5. Calculate w(-6).
5
Let a(c) = 28*c**2 - c + 1. Determine a(1).
28
Let z(u) = u**2 + 17*u - 49. What is z(-22)?
61
Let v(m) = m**2 + 6*m + 7. Calculate v(-3).
-2
Let l(s) = 4*s**2 + 24*s + 23. What is l(-1)?
3
Let w(b) = -b**3 - 23*b**2 - 40*b + 38. What is w(-21)?
-4
Let u(q) = -q**3 - 7*q**2 - 6*q + 1. Determine u(-6).
1
Let c(k) = -35*k + 208. Give c(6).
-2
Let y(o) = -o**3 + 15*o**2 + 17*o + 16. Give y(16).
32
Let n(g) = 2*g + 4. What is n(-13)?
-22
Let b(c) = c**3 - 8*c**2 - 14*c + 5. What is b(9)?
-40
Let l(f) = f**3 + f**2 - 11*f + 4. Calculate l(3).
7
Let d(r) = r**3 + 6*r**2 + 9*r + 10. Calculate d(-4).
6
Let c(u) = 38*u. Determine c(-2).
-76
Let c(f) = -2*f - 55. Determine c(-21).
-13
Let z(l) = -20*l - 2. Determine z(-1).
18
Let m(g) = -g**3 - 6*g**2 - 12. Calculate m(-6).
-12
Let g(n) = -6*n + 99. Give g(15).
9
Let p(a) = 2*a**2 - 17*a - 36. Calculate p(-2).
6
Let y(v) = -v**3 + 11*v**2 - 13*v + 9. Give y(10).
-21
Let v(f) = 15*f - 1. What is v(3)?
44
Let f(b) = b**3 - 16*b**2 - 4. Give f(16).
-4
Let b(p) = 245*p - 977. Determine b(4).
3
Let b(h) = -h**3 - 6*h**2 + 8*h + 8. What is b(-7)?
1
Let r(b) = -4*b**2 - 3*b + 2. Calculate r(1).
-5
Let d(a) = -3*a**2 - 14*a - 3. What is d(-4)?
5
Let x(c) = 2*c + 6. Give x(-6).
-6
Let f(u) = -u**2 + 10*u - 2. Give f(10).
-2
Let a(t) = t**3 - 9*t**2 - 8*t - 15. Calculate a(10).
5
Let t(k) = -k**2 - 12*k + 9. Calculate t(-11).
20
Let w(k) = 2*k**3 - 11*k**2 - 9*k + 16. Determine w(6).
-2
Let h(x) = x**2 + 10*x + 4. Give h(-8).
-12
Let k(p) = -p**3 - 4*p**2 + 3*p - 11. Calculate k(-5).
-1
Let v(n) = n**2 - 7*n + 13. Give v(6).
7
Let t(d) = d**2 - 19*d + 43. Give t(16).
-5
Let t(m) = 7*m + 4. Give t(-10).
-66
Let s(y) = y**3 - 8*y**2 - 8*y + 7. Determine s(9).
16
Let y(u) = -u - 72. What is y(-8)?
-64
Let c(p) = -52*p - 4. Give c(0).
-4
Let h(y) = 2*y - 22. Give h(25).
28
Let t(z) = 14*z - 1. Determine t(5).
69
Let b(w) = -w**2 - 6. Determine b(0).
-6
Let h(g) = -2*g + 43. Determine h(22).
-1
Let v(g) = -2*g**3 + 12*g**2 - 70*g + 413. What is v(6)?
-7
Let s(f) = -f**3 - 8*f**2 - 19*f - 108. Give s(-7).
-24
Let f(w) = -2*w**3 - w + 10. What is f(3)?
-47
Let j(o) = -o + 41. What is j(17)?
24
Let g(n) = 20*n + 80. Give g(-6).
-40
Let q(u) = -17*u - 3. Calculate q(-4).
65
Let l(z) = 12*z - 421. Determine l(32).
-37
Let g(w) = 30*w - 267. Determine g(7).
-57
Let q(s) = -s**2 + 16*s - 74. Calculate q(10).
-14
Let h(o) = o**2 + 11*o - 12. Calculate h(-8).
-36
Let d(z) = z**3 + 3*z**2 + 3*z + 1. Calculate d(-2).
-1
Let o(u) = -2*u**2 + 8*u + 2. What is o(4)?
2
Let q(d) = 2*d - 7. What is q(5)?
3
Let i(b) = b**2 - 5*b - 2. What is i(5)?
-2
Let o(z) = -z + 5. Determine o(-9).
14
Let o(m) = -33*m - 7. Give o(-1).
26
Let p(b) = b**3 + 10*b**2 + 9*b + 5. What is p(-9)?
5
Let g(n) = n**2 + 5*n - 8. Give g(-8).
16
Let n(l) = l**3 + 8*l**2 + 5*l - 20. Determine n(-6).
22
Let q(a) = a + 11. Give q(-8).
3
Let r(p) = 3*p + 12. Give r(-8).
-12
Let s(c) = c**3 - 33*c**2 + 3*c - 96. Give s(33).
3
Let a(h) = -65*h**2 - h + 1. What is a(-1)?
-63
Let v(r) = -2*r**2 + 40*r - 36. What is v(19)?
2
Let n(k) = 8*k + 122. Determine n(-16).
-6
Let k(p) = p**2 + 4*p + 1. Determine k(-4).
1
Let z(x) = -x**3 - 5*x**2 + 10*x - 2. Calculate z(-7).
26
Let m(j) = j**2 - 6*j + 3. Give m(5).
-2
Let d(n) = n**3 - 5*n**2 + 2. Determine d(4).
-14
Let o(w) = 4*w**2 - 1. Calculate o(-1).
3
Let j(k) = 8*k + 124. Determine j(-16).
-4
Let s(l) = l**3 + 8*l**2 + 4*l - 6. Give s(-7).
15
Let d(j) = j**3 - 12*j**2 + 12*j + 3. Give d(11).
14
Let t(n) = -n**2 - 3*n. Determine t(1).
-4
Let b(h) = h**2 - 8*h - 9. Calculate b(8).
-9
Let q(x) = -2*x**2 - 4*x + 1. What is q(-3)?
-5
Let d(s) = -11*s**2 - 4*s - 3. Determine d(-3).
-90
Let f(k) = k**2 - 5*k + 16. Determine f(3).
10
Let p(i) = i**3 - 4*i**2 + 3*i + 6. Calculate p(3).
6
Let i(g) = g - 1. Calculate i(3).
2
Let v(y) = -y + 2. What is v(-5)?
7
Let k(q) = 2*q**3 + 44*q**2 + q + 19. Calculate k(-22).
-3
Let l(j) = -j**3 + 7*j**2 - 5. What is l(7)?
-5
Let b(t) = -2*t**2 + 19*t - 19. Give b(8).
5
Let m(o) = -o**2 + 3*o + 30. Give m(-4).
2
Let n(h) = h**3 + 2*h**2 - 3*h + 1. Give n(2).
11
Let k(g) = -11*g + 29. What is k(3)?
-4
Let w(a) = 5*a - 7. What is w(9)?
38
Let g(i) = 2*i**2 - 4*i + 17. Give g(4).
33
Let t(i) = -i**2 + 23*i + 77. Calculate t(-4).
-31
Let s(m) = 12*m + 68. Determine s(-6).
-4
Let c(l) = 2*l**3 - 5*l**2 - 4*l + 1. Give c(4).
33
Let b(t) = -t**2 - 10*t + 11. Determine b(-10).
11
Let b(k) = k**2 + 2*k - 7. Determine b(4).
17
Let t(h) = -h**3 - 27*h**2 - 28*h - 43. Give t(-26).
9
Let b(h) = h**3 + 11*h**2 + 16*h - 12. Determine b(-9).
6
Let x(z) = -16*z**2 - 2*z + 10. Give x(-1).
-4
Let w(o) = 3*o - 35. Determine w(12).
1
Let d(s) = s**3 + s**2 - 27*s - 73. Calculate d(-4).
-13
Let z(y) = 3*y**3 + 6*y + 1. Determine z(-3).
-98
Let k(s) = 4*s**2 - 3*s + 9. What is k(3)?
36
Let x(a) = 4*a**2 - 54*a + 22. What is x(13)?
-4
Let o(w) = 6*w + 169. Give o(-29).
-5
Let s(v) = v**2 - 24*v + 133. Give s(16).
5
Let o(u) = 69*u + 288. Give o(-4).
12
Let s(o) = -o**2 + o - 1. Calculate s(1).
-1
Let k(j) = 2*j**2 - 11*j + 24. Determine k(4).
12
Let s(p) = -4*p. Calculate s(5).
-20
Let z(u) = -u**3 - u - 1. Give z(-3).
29
Let a(r) = r**3 - 2*r**2 - 77*r - 30. Determine a(10).
0
Let y(a) = a - 1. Give y(-6).
-7
Let g(p) = p**3 - 12*p**2 + 11*p + 4. Give g(11).
4
Let z(q) = -q**3 - 10*q**2 - 9*q - 23. Give z(-9).
-23
Let o(j) = j**3 - 15*j**2 + 15*j - 3. Calculate o(14).
11
Let u(a) = -18*a + 71. Calculate u(3).
17
Let v(t) = t**3 - 5*t**2 - 6*t + 2. What is v(6)?
2
Let r(k) = -86*k + 1. Give r(2).
-171
Let w(c) = c + 18. Calculate w(-15).
3
Let r(m) = -m**3 + 6*m**2 - 2*m + 11. What is r(6)?
-1
Let d(y) = y**3 - 6*y**2 + 6*y - 16. What is d(5)?
-11
Let m(g) = g - 1. Calculate m(-2).
-3
Let s(p) = 2*p**2 - 9*p - 8. Give s(6).
10
Let j(a) = a**3 + a**2 - 5*a - 4. Give j(-4).
-32
Let v(k) = 2*k**2 + 40*k + 2. Give v(-20).
2
Let w(a) = -a**2 - 8*a - 2. What is w(-8)?
-2
Let n(t) = t**3 - 9*t**2 + 7*t + 18. What is n(8)?
10
Let w(y) = y**2 - 23*y + 33. Give w(23).
33
Let x(k) = -116*k - 7. What is x(-1)?
109
Let w(y) = -y**3 - 26*y**2 - y + 4. Calculate w(-26).
30
Let k(m) = m**3 + 13*m**2 + 10*m - 6. What is k(-12)?
18
Let f(q) = 3*q - 16. Give f(12).
20
Let p(w) = w**3 + 9*w**2 - w - 9. What is p(-9)?
0
Let b(h) = 65*h**2 + 12*h - 11. Calculate b(1).
66
Let b(w) = -w**3 - 4*w**2 + 16*w + 19. Determine b(-6).
-5
Let f(i) = -i**2 - 25*i + 65. What is f(-28)?
-19
Let a(w) = 21*w - 39. What is a(2)?
3
Let c(j) = -2*j + 31. Calculate c(12).
7
Let a(k) = 22*k**3 + k**2 + 3*k + 1. Give a(-1).
-23
Let d(b) = 10*b + 92. Wha